of 2740 and 822685.
685
What is the greatest common factor of 48 and 1059024?
48
What is the greatest common factor of 170 and 194?
2
Calculate the highest common factor of 10775317 and 7.
7
Calculate the highest common factor of 306 and 4131.
153
Calculate the highest common factor of 2100 and 3225.
75
What is the highest common divisor of 11205810 and 35?
35
Calculate the greatest common divisor of 9640 and 4840.
40
Calculate the highest common divisor of 4602 and 1947.
177
Calculate the greatest common factor of 26 and 4060082.
26
What is the highest common divisor of 29762 and 874?
46
Calculate the greatest common factor of 957 and 1434224.
319
What is the greatest common factor of 131593 and 385?
77
What is the highest common factor of 6191 and 453?
151
What is the greatest common divisor of 26850 and 18975?
75
Calculate the highest common divisor of 20 and 27060.
20
What is the highest common factor of 170 and 5310?
10
What is the highest common divisor of 3927 and 170016?
231
Calculate the greatest common divisor of 218543 and 13.
13
Calculate the greatest common divisor of 52 and 35347.
13
Calculate the highest common divisor of 5321 and 67295.
313
Calculate the greatest common factor of 110158 and 46.
2
Calculate the highest common factor of 156515 and 1265.
115
What is the greatest common factor of 1114 and 2753251?
557
Calculate the greatest common factor of 7365 and 4215.
15
Calculate the greatest common factor of 198948 and 885.
177
What is the highest common factor of 560898 and 17238?
1326
Calculate the highest common factor of 74 and 61346.
74
Calculate the highest common divisor of 28 and 1739570.
14
What is the greatest common factor of 604 and 224084?
604
Calculate the highest common factor of 1920 and 3584.
128
Calculate the greatest common factor of 15311 and 305.
61
What is the highest common divisor of 63426 and 198?
66
What is the highest common factor of 18247 and 71?
71
What is the greatest common factor of 15576 and 20119?
649
What is the greatest common divisor of 470583 and 1305?
261
What is the greatest common factor of 14061 and 17658?
327
What is the greatest common factor of 48515 and 90?
5
Calculate the highest common factor of 222 and 60717.
111
Calculate the highest common divisor of 17262 and 336.
42
Calculate the greatest common divisor of 8032 and 400.
16
Calculate the highest common factor of 1127 and 13179.
23
Calculate the highest common factor of 376740 and 21.
21
Calculate the greatest common factor of 233758 and 472.
118
What is the highest common factor of 83391 and 45087?
399
What is the highest common factor of 126 and 2367?
9
What is the greatest common factor of 18962 and 1026?
38
Calculate the greatest common factor of 9174 and 18.
6
What is the highest common divisor of 180552 and 12?
12
What is the greatest common divisor of 480 and 104480?
160
Calculate the greatest common factor of 319306 and 130.
26
Calculate the greatest common divisor of 64098 and 486.
54
Calculate the highest common factor of 3367 and 14326.
13
What is the greatest common divisor of 1990 and 6570?
10
What is the highest common factor of 574 and 2772?
14
Calculate the highest common divisor of 132 and 192654.
66
Calculate the highest common divisor of 578 and 306.
34
What is the highest common divisor of 765 and 295885?
85
Calculate the highest common factor of 52650 and 16362.
162
Calculate the highest common divisor of 752 and 116.
4
Calculate the greatest common divisor of 120 and 115400.
40
What is the highest common factor of 52947 and 42957?
999
What is the highest common divisor of 29674 and 74?
74
What is the highest common factor of 8905 and 14157?
13
Calculate the highest common divisor of 814 and 869.
11
What is the greatest common factor of 55 and 2840805?
55
What is the greatest common divisor of 17286 and 48246?
258
What is the greatest common factor of 115 and 713?
23
Calculate the greatest common divisor of 2977 and 689.
13
What is the highest common factor of 696 and 14703?
87
What is the greatest common factor of 18 and 1399914?
18
Calculate the highest common factor of 98728 and 3024.
56
Calculate the greatest common divisor of 1026169 and 3039.
1013
What is the highest common factor of 68495 and 798?
133
What is the highest common factor of 195 and 2492022?
39
What is the greatest common divisor of 289 and 977551?
17
What is the highest common factor of 175 and 203525?
175
What is the highest common divisor of 88781 and 154?
77
What is the highest common divisor of 297 and 41094?
27
What is the greatest common factor of 3825 and 57825?
225
Calculate the greatest common factor of 2030 and 20909.
203
Calculate the highest common divisor of 9263 and 13393.
59
Calculate the greatest common factor of 5271211 and 11.
11
Calculate the greatest common divisor of 20216 and 9842.
266
Calculate the highest common factor of 153 and 121941.
153
What is the highest common divisor of 32334 and 34?
34
What is the highest common factor of 990 and 4710?
30
Calculate the greatest common divisor of 204 and 15726.
6
What is the highest common factor of 689 and 19027?
53
What is the highest common divisor of 359104 and 620?
124
What is the greatest common divisor of 800 and 80100?
100
Calculate the greatest common divisor of 1 and 13003.
1
What is the highest common factor of 116 and 3799?
29
Calculate the greatest common divisor of 2744 and 33957.
343
What is the highest common divisor of 17 and 2608429?
17
Calculate the highest common divisor of 29 and 2150321.
29
Calculate the greatest common divisor of 122 and 4.
2
What is the highest common divisor of 4717 and 19669?
89
Calculate the greatest common factor of 1525 and 1375.
25
Calculate the highest common divisor of 5120 and 880.
80
Calculate the greatest common factor of 7491883 and 802.
401
What is the greatest common factor of 1638 and 6903?
117
What is the greatest common factor of 2296941 and 69?
69
What is the highest common factor of 3258581 and 452?
113
Calculate the greatest common factor of 32360 and 1390.
10
Calculate the greatest common factor of 36853 and 685.
137
What is the highest common divisor of 2690556 and 4356?
1452
Calculate the highest common factor of 2013123 and 357.
357
Calculate the greatest common divisor of 2684 and 18414.
22
Calculate the greatest common divisor of 4974140 and 40.
20
What is the highest common factor of 1680 and 136556?
28
Calculate the highest common divisor of 35982 and 36.
18
What is the highest common divisor of 32 and 7352?
8
Calculate the greatest common factor of 46750 and 40.
10
What is the highest common divisor of 66 and 8206?
22
Calculate the highest common factor of 210 and 15090.
30
What is the highest common divisor of 20 and 27395?
5
Calculate the highest common factor of 5 and 19405.
5
What is the highest common divisor of 6970 and 370?
10
What is the highest common factor of 36 and 42966?
18
What is the greatest common factor of 8381 and 986?
493
Calculate the highest common factor of 444 and 2388.
12
Calculate the greatest common factor of 4560 and 10431.
57
Calculate the highest common factor of 35113 and 1533.
73
Calculate the greatest common divisor of 110 and 7160.
10
Calculate the greatest common divisor of 24840 and 1150.
230
What is the greatest common divisor of 12 and 90?
6
What is the highest common factor of 42 and 153027?
21
What is the highest common divisor of 170288 and 232?
232
Calculate the highest common divisor of 3390 and 1626.
6
What is the greatest common factor of 19667 and 2493?
277
Calculate the greatest common factor of 112609 and 518.
7
Calculate the highest common factor of 194 and 156849.
97
Calculate the highest common divisor of 8 and 2348.
4
What is the greatest common factor of 210 and 23303?
7
Calculate the greatest common factor of 36 and 7746.
6
What is the greatest common factor of 891039 and 2748?
687
Calculate the highest common factor of 1735 and 858131.
347
What is the highest common factor of 76 and 120004?
76
What is the greatest common divisor of 280245 and 70?
35
What is the greatest common divisor of 2494 and 20554?
86
What is the highest common divisor of 32798 and 1798?
62
Calculate the highest common factor of 11931 and 1599.
123
What is the greatest